{"id":2,"date":"2023-08-25T15:33:29","date_gmt":"2023-08-25T13:33:29","guid":{"rendered":"https:\/\/www.ffrc.fr\/?page_id=2"},"modified":"2023-08-25T16:23:31","modified_gmt":"2023-08-25T14:23:31","slug":"page-d-exemple","status":"publish","type":"page","link":"https:\/\/www.ffrc.fr\/","title":{"rendered":"Accueil"},"content":{"rendered":"\n<p class=\"has-text-align-center\">Bienvenue sur le site de la FFRC (F\u00e9d\u00e9ration Fran\u00e7aise des Radios Chr\u00e9tiennes).<\/p>\n\n\n\n<p class=\"has-text-align-center\">La FFRC regroupe plus de 80 radios chr\u00e9tiennes associatives en France. Si vous voulez en savoir plus sur chacune de ces radios, ce site vous renvoie vers des liens qui vont permettront de conna\u00eetre leurs fr\u00e9quences, d\u2019acc\u00e9der \u00e0 leurs sites locaux ou de trouver les cordonn\u00e9es t\u00e9l\u00e9phoniques et postales.<\/p>\n\n\n\n<p class=\"has-text-align-center\">Ce site permet aussi aux adh\u00e9rents de la FFRC d\u2019acc\u00e9der \u00e0 diverses informations pour la gestion de leurs radios.<\/p>\n\n\n\n<p class=\"has-text-align-center\">Bonne visite!<\/p>\n","protected":false},"excerpt":{"rendered":"<p>Bienvenue sur le site de la FFRC (F\u00e9d\u00e9ration Fran\u00e7aise des Radios Chr\u00e9tiennes). La FFRC regroupe plus de 80 radios chr\u00e9tiennes associatives en France. Si vous voulez en savoir plus sur chacune de ces radios, ce &hellip;<\/p>\n","protected":false},"author":3,"featured_media":0,"parent":0,"menu_order":0,"comment_status":"closed","ping_status":"open","template":"","meta":{"footnotes":""},"class_list":["post-2","page","type-page","status-publish","hentry"],"_links":{"self":[{"href":"https:\/\/www.ffrc.fr\/index.php\/wp-json\/wp\/v2\/pages\/2","targetHints":{"allow":["GET"]}}],"collection":[{"href":"https:\/\/www.ffrc.fr\/index.php\/wp-json\/wp\/v2\/pages"}],"about":[{"href":"https:\/\/www.ffrc.fr\/index.php\/wp-json\/wp\/v2\/types\/page"}],"author":[{"embeddable":true,"href":"https:\/\/www.ffrc.fr\/index.php\/wp-json\/wp\/v2\/users\/3"}],"replies":[{"embeddable":true,"href":"https:\/\/www.ffrc.fr\/index.php\/wp-json\/wp\/v2\/comments?post=2"}],"version-history":[{"count":3,"href":"https:\/\/www.ffrc.fr\/index.php\/wp-json\/wp\/v2\/pages\/2\/revisions"}],"predecessor-version":[{"id":626,"href":"https:\/\/www.ffrc.fr\/index.php\/wp-json\/wp\/v2\/pages\/2\/revisions\/626"}],"wp:attachment":[{"href":"https:\/\/www.ffrc.fr\/index.php\/wp-json\/wp\/v2\/media?parent=2"}],"curies":[{"name":"wp","href":"https:\/\/api.w.org\/{rel}","templated":true}]}}